 (-159147)/(-45). Calculate the greatest common factor of u and 189.
27
Suppose -3*g - 590 = -19*j, -3*j + 122 - 20 = g. Let f be (-2)/(-4) + (-223)/(-2). What is the greatest common divisor of f and j?
16
Let o be 1305/63 + (-4)/(-14). Suppose -189 = m - 10*m. Let z be (2 + (-35)/m)/((-1)/(-441)). Calculate the greatest common factor of z and o.
21
Let n = -4454 - -11062. What is the highest common factor of n and 84?
28
Let j = 30 + -25. Let a be (j + (-4 - 0))*4. Let m(i) = 71*i + 3. Let u be m(a). Calculate the greatest common factor of 41 and u.
41
Suppose -5*d = -k + 66, -113 = -177*k + 174*k - 2*d. Let x be 4 - (-41*8 - -4). Calculate the highest common factor of k and x.
41
Suppose -18*f - 37*f = -770. What is the greatest common factor of 3206 and f?
14
Let y(a) = 3*a - 38. Let r be y(12). Let m(d) = 34*d**2 + 10*d + 19. Let b be m(r). Calculate the greatest common factor of b and 30.
15
Let x = -1005 + 1029. Let i = 3 - -1. Suppose -3*h + 2*j + 6 = -2*j, -i*h - 3*j = -33. Calculate the highest common factor of h and x.
6
Suppose -35*o + 28*o - 49*o = -8904. What is the greatest common factor of o and 424?
53
Let w = 76 - 65. Suppose 0 = -14*b + w*b + 216. Suppose 2*l + 0*l = 36. Calculate the greatest common divisor of l and b.
18
Let u be (13 - 2)*(2*-15 - 0). Let q be (-12)/u*50 + (-2)/(-11). Let x be (38 - 0)*1/q. What is the greatest common factor of x and 1?
1
Suppose -414*k + 442*k = 20384. What is the greatest common divisor of 1196 and k?
52
Let d = -10 + 4. Let i = d + 14. Let b be 127 + -75 - -1*4*1. What is the greatest common divisor of b and i?
8
Let j(l) = 3*l + 78. Let k be j(-15). Suppose 30*t - k*t + 78 = 0. Calculate the greatest common factor of 416 and t.
26
Let g(r) = -9*r - 6. Let f be g(-4). Let c = 53370 - 53290. What is the highest common divisor of c and f?
10
Suppose 75 = 3*w + 5*p - 64, -p = 4*w - 191. Let t = -188 - -272. Calculate the highest common factor of t and w.
12
Let p(u) = -u**3 - u**2 + 9*u + 11. Let r be p(-5). Let n = r - 18. Let j = n + -36. What is the greatest common factor of 132 and j?
12
Let v be 30/(1 - 11) + 2*1. Let o be 3/(v*(-1)/25). Calculate the greatest common divisor of o and 200.
25
Suppose 6*z + 1040 = 10*z - 2*z. What is the greatest common factor of 440 and z?
40
Let b be 31/(279/(-54)) + 192/6. Let f be (-3)/12 + 783/12. Calculate the greatest common factor of f and b.
13
Suppose -5*x - 3*o = -22533, -2*x + 34*o - 37*o + 9006 = 0. Calculate the greatest common divisor of x and 27.
27
Let r(c) = -10*c - 7. Let x be r(-5). Let m = 127 - x. Let z be 5*m/(-8)*-2. Calculate the highest common factor of z and 42.
21
Let o be 4 + (0 - -18) + -21. Calculate the greatest common factor of o and 447.
1
Let y be ((-616)/(-462))/(1/147). Calculate the highest common divisor of y and 76.
4
Let y = -6491 + 6492. Calculate the greatest common divisor of 1431 and y.
1
Let u(k) be the second derivative of -k**5/10 - 4*k**4/3 + 11*k**3/6 + 6*k**2 + 21*k. Let q be u(-9). What is the highest common factor of q and 50?
25
Let y = 51 - -29. Let h(d) = 5*d. Let n be h(-1). Let b(f) = -f**2 - 4*f + 15. Let j be b(n). What is the greatest common divisor of j and y?
10
Let y(z) be the first derivative of -z**4/4 + 11*z**3/3 - 9*z**2/2 - 21*z + 90. Let i be y(9). What is the greatest common factor of i and 84?
12
Let g(w) be the second derivative of -1/20*w**5 + 6*w**2 + 7/4*w**4 + 0 - 29/6*w**3 - 36*w. Let n be g(19). What is the highest common divisor of n and 61?
61
Let g = 2253 + -2029. What is the highest common divisor of 1008 and g?
112
Let r be 6206/8 + 1150/920. What is the greatest common factor of 105 and r?
21
Let b = -13361 - -13382. Let f = -51 + 84. Calculate the greatest common factor of f and b.
3
Suppose 2*q - 384 = -2*p - 342, 5*q = 3*p + 65. What is the highest common divisor of 10752 and q?
16
Let y be (2 - -5) + (-333)/1. Let r = 366 + y. Calculate the highest common divisor of 20 and r.
20
Suppose 24909 = 81*q - 11055. Calculate the greatest common divisor of q and 12.
12
Suppose -6*h = 228 - 252. Let z be h - 1/(-1)*35. Calculate the highest common divisor of z and 1677.
39
Let f = 29 + 67. Let k be (-3 - 68/(-20))/((-2)/(-1080)). What is the highest common factor of f and k?
24
Let q(y) = -2*y**2 - 11*y + 11. Let r be q(-6). Let f(v) = -v**2 + 1. Let w be f(r). Let c = w + 46. What is the highest common divisor of 11 and c?
11
Suppose -4*h = 5*h + 9*h - 233298. What is the greatest common divisor of 52 and h?
13
Suppose 0 = -2*o - 2*o - 4, 4*o = 2*a + 106. Let x = 75 + -46. Let y = x - a. Calculate the greatest common divisor of y and 56.
28
Suppose 17*n = -282 + 1200. Calculate the greatest common divisor of n and 1044.
18
Suppose -16*q - 274590 = -178*q. What is the highest common divisor of q and 30?
15
Let l(p) be the second derivative of -p**5/20 - 13*p**4/12 - 5*p**3/3 + 5*p**2/2 - 2*p + 3. Let x be l(-13). What is the highest common divisor of x and 27?
27
Let w be 5 + (3/((-3)/(-4)))/(-2). Let m be 36*(0 + w/(-9)*-2). Let s(o) = 9*o - 21. Let x be s(9). Calculate the greatest common factor of m and x.
12
Suppose 0 = b - 2*k - 3230, -26*k = 4*b - 27*k - 12899. Calculate the greatest common factor of b and 156.
52
Let z be ((-1040)/(-28))/(32/14 + -2). Suppose 1738*h - 1740*h = -650. What is the greatest common factor of z and h?
65
Let l be (-7 + 3)/(1/2). Let s be (-1)/l + (-4596)/(-96). Calculate the greatest common divisor of s and 504.
24
Let a = 304 - 193. Suppose -3*t - f = -715 + 929, 3*t + 211 = 2*f. Let n = a + t. Calculate the highest common divisor of n and 5.
5
Suppose 4*w - 5*w + 18 = -3*l, 0 = -3*w - 4*l - 11. Suppose -6*n = -w*n - 129. Let m = n - 33. What is the highest common divisor of m and 30?
10
Suppose -3*u = 5*r + 2*u - 115, 2*u - 10 = 0. Let b = 258 - 24. Calculate the greatest common divisor of r and b.
18
Suppose -4*h + 194984 = d, 5*d + 268328 = 5*h + 24648. Calculate the highest common factor of h and 72.
72
Suppose 45 = 3*l + 4*h, -2*l + 14 = -4*h - 36. Calculate the greatest common factor of 133 and l.
19
Suppose 4 = o, 2*z - 1737 - 95 = -3*o. What is the greatest common factor of z and 260?
130
Let l(g) = -g**3 + 9*g**2 - 8*g - 9. Let y be l(7). Let n = 16 - 4. Suppose -n*p + 1159 = -425. What is the highest common factor of p and y?
33
Let h be 9/(-1)*(-25)/((-3600)/(-2528)) + -10. Let l be 1*-1 - (-111 + -1). Calculate the greatest common divisor of h and l.
37
Let k(j) = -j**3 - 8*j**2 + 9*j - 25. Let o be k(-9). Let x = 17 - o. Calculate the highest common factor of 36 and x.
6
Let j(f) = -1166*f + 9382. Let t be j(8). Calculate the greatest common factor of 3033 and t.
9
Suppose 48*p = 11 + 85. Suppose 0 = -3*m - 5*z + 36, -4*z - p = -2*m - 0*z. Calculate the greatest common divisor of m and 329.
7
Let v be ((-8967)/(-122))/((-9)/(-12)). Calculate the highest common divisor of v and 1617.
49
Suppose -3*u = -i - 9 - 0, 4*i - 2*u = 4. Suppose 130 = 3*g + 2*m, -6*m + m + 118 = i*g. Let a = 1771 + -1725. Calculate the greatest common divisor of g and a.
46
Suppose 3*l - 5*q = -10, -5*l - 30*q + 35 = -28*q. Calculate the greatest common factor of 1055 and l.
5
Suppose -2*m - 5*h - 3109 = -3094, 51 = 3*m - 3*h. Calculate the greatest common divisor of m and 302.
2
Let p = -756 - -762. Suppose 19*s = p*s + 1287. Calculate the highest common factor of 88 and s.
11
Suppose 23 - 19 = 2*q. Suppose 43 = 5*i - q. Let k(m) = 3*m**2 - 5*m + 12. Let n be k(i). Calculate the greatest common divisor of n and 30.
30
Let w = 26773 - 25551. Calculate the highest common factor of w and 78.
26
Suppose -357 = -17*c - 0*c. Suppose 20*s - 19 - c = 0. What is the highest common divisor of 106 and s?
2
Suppose n = -2, 3*w + 2*n - 348 = -286. What is the highest common factor of 10714 and w?
22
Suppose 29 - 14 = 5*z. Suppose 3 = z*l + 5*i - 10, 0 = 2*i + 8. What is the greatest common divisor of 407 and l?
11
Suppose -8 = 4*f + 8. Suppose 4*j - 42 - 130 = 0. Let y be (-8)/f + 3 + j. Calculate the highest common divisor of 6 and y.
6
Let g = -64 + 90. Suppose -176*b + 4358 = 16*b - 8122. What is the greatest common divisor of b and g?
13
Suppose -m = -j - 23 - 6, -5*m = -2*j - 154. Calculate the greatest common divisor of 3472 and m.
16
Let t(f) = -38*f - 36